(33).
8
Suppose 0 = -5*u + 12*u - 546. Calculate the remainder when 231 is divided by u.
75
Let q be (32/10)/(4/10). Let d be (-6)/(-4)*q/3. Suppose -5*c + 5*x = -65, 8*x - 84 = -d*c + 4*x. What is the remainder when 67 is divided by c?
16
Let y(o) = -o - 2. Let d be y(-4). Suppose 3*c - 54 + 8 = d*v, 32 = 3*c + 5*v. What is the remainder when c is divided by 5?
4
Let o(d) = 3*d**2 - 3*d + 3. Let s be o(1). Suppose -84 = -s*b + 2*b. What is the remainder when b is divided by 19?
8
Let f(u) = -u**3 - 11*u**2 - 11*u + 11. Let j = 99 - 65. What is the remainder when f(-11) is divided by j?
30
Let h(t) = -t - 13. Let r be h(0). Let w = 6 - r. What is the remainder when w is divided by 7?
5
Suppose -c + 33 = -2*a, -3*c - 31 + 110 = -a. Suppose -5*j + 15 = -5*p + 2*p, 0 = p + 5. Suppose j = l - 8 - c. What is the remainder when l is divided by 12?
9
Suppose 3*b - 2*b = 5. Let z = -26 + 42. Let c = 33 - z. What is the remainder when c is divided by b?
2
Suppose -3*p - c = -0*c - 31, 2*p - 24 = -4*c. Let j = 33 + p. What is the remainder when j is divided by 2/(-7) - (-2033)/133?
13
Let w be (-6)/(-8) - 72/(-32). Suppose w*s + 9 = 0, n + 5*s = 2*s + 42. Calculate the remainder when n is divided by 13.
12
Suppose -3440 = -3*y - 17*y. Calculate the remainder when y is divided by 6.
4
Let c be (128/(-12) + -3)*3. Let f = -6 - c. What is the remainder when f is divided by 13?
9
Suppose 2*h - 30 = -0*h. Suppose 0 = -4*f + 5*m - 330, 3*m = -2*f + 5*m - 166. Let r = -77 - f. What is the remainder when h is divided by r?
7
Let z be (-6 + 2)*-1*1. Let v(y) = 4*y - 3*y + 7 + 1 + z. Calculate the remainder when 66 is divided by v(6).
12
Let o be 48/(((-15)/(-20))/(2/4)). Suppose 2*d - 3*v = o, 2*v - 51 = -4*d - 19. What is the remainder when 18 is divided by d?
8
Suppose -8*m + 384 = -2*m. Suppose -4*t = 4*a - m, -2*t + 2 = -4*t. Let h = 59 + 8. Calculate the remainder when h is divided by a.
16
Suppose -667 = 20*c - 43*c. Calculate the remainder when 109 is divided by c.
22
Suppose -4*d + 16*k = 17*k - 154, -d + 42 = 2*k. Suppose -65 = -0*c - 5*c. Calculate the remainder when d is divided by c.
12
Let o = -1 - -37. Suppose 14*d - 2303 + 301 = 0. What is the remainder when d is divided by o?
35
Let v(d) = 2*d**2 - 32*d + 57. What is the remainder when 315 is divided by v(15)?
18
Suppose 0 = 8*i - 55 - 73. What is the remainder when 86 is divided by i?
6
Suppose 4*y + 5*n - 4 = 15, 5*y - 5*n - 35 = 0. Let l be 206/14 + y/21. Let w = 63 - l. What is the remainder when w is divided by 17?
14
Suppose -n + 35 = 2*p + 12, 18 = 2*n - 3*p. Calculate the remainder when n is divided by 10 + (-1*2)/2.
6
What is the remainder when 144 is divided by ((-22)/3)/((-3)/((-90)/(-4)))?
34
Suppose q + 118 = -0*q. Let t = 172 + q. Suppose -2*w = 2*s - 24, -w - 9 = -4*s + 49. Calculate the remainder when t is divided by s.
12
Suppose -3*k = -62 - 34. What is the remainder when 351 is divided by k?
31
Suppose -10*a = 3*a - 676. Calculate the remainder when 151 is divided by a/1*3/4.
34
Suppose -a + 22 = 4*f, -3*a + f = -0*a - 14. Calculate the remainder when a is divided by ((-3)/(-12))/((38/(-95))/(96/(-20))).
0
Let h = 47 - -56. What is the remainder when h is divided by (30/8)/(-3)*-28?
33
Suppose 20 = -7*u + 3*u, -5*s - 2*u = 5. Let k be 3 + s + -3 + 0. Suppose 14 = o + 3*c, -2*c = -k - 1. What is the remainder when 19 is divided by o?
8
Let b(o) = 6*o**3 + o**2 - 2*o + 1. Let s be b(1). Let c = 6 - s. Suppose -t + 3 + 3 = c. What is the remainder when 15 is divided by t?
3
Let n(u) = -2*u**2 + 67*u - 74. Calculate the remainder when 282 is divided by n(32).
18
Let c(k) = -k**2 - 34*k + 307. What is the remainder when c(-40) is divided by 39?
28
Suppose -1020 = -223*i + 172*i. Suppose 2*z + 5*u - 204 = 0, -3*z + u + 285 = -2*u. Calculate the remainder when z is divided by i.
17
Let n(j) = -j**3 - 3*j**2 + 4*j + 752. What is the remainder when n(0) is divided by 58?
56
Suppose -9*g + 276 = -7*g. Calculate the remainder when g is divided by 39.
21
What is the remainder when 337 is divided by ((-2)/(-6) + 0)/((-157)/(-6123))?
12
Suppose 0 = -5*c + k + 876, -3*c + 528 = -63*k + 60*k. Calculate the remainder when c is divided by 88.
87
Suppose -q = -3*n + 2*n - 139, 5*q = -3*n - 425. Let m = -68 - n. Calculate the remainder when m is divided by 11.
6
Suppose -5*n + n + 12 = 0. Suppose n*d = u + 8, -d - 4 = -2*u + 5. Calculate the remainder when u is divided by (-11 - (-70)/6)*(-18)/(-4).
1
What is the remainder when 2717/4 - (243/36)/27 is divided by 8?
7
Suppose 0 = -4*y - 0*y + 204. Let q = y + -36. Suppose -87 = 3*v - 6*v. What is the remainder when v is divided by q?
14
Suppose 4*h = 5*y - 1244, -h + 1 = -y + 250. Suppose 0*m + y = 8*m. What is the remainder when 123 is divided by m?
30
Let d = -66 - -69. What is the remainder when (-51)/9*(3 - (d - -3)) is divided by 6?
5
Let f(n) = 6*n**3 - n - 1. Let y = 14 - 12. Let d = -25 + 48. Calculate the remainder when f(y) is divided by d.
22
Suppose u - 2 = 1. Suppose -u*a = 9 - 18. Calculate the remainder when 35 is divided by a.
2
What is the remainder when (6/(-2 + 3))/(18/12) is divided by 1?
0
Suppose -b = -10 + 4. Suppose -3*l - 4*f + b = -41, -f = -4*l + 31. What is the remainder when 2/6 - (-528)/l is divided by 15?
14
Let g = 52 + -46. Suppose 8*w - g*w = 18. Calculate the remainder when 24 is divided by w.
6
What is the remainder when (-80)/(2/50*5*-5) is divided by 32?
16
Suppose -5*y - 4*x + 7 + 25 = 0, 10 = 4*y - 2*x. Calculate the remainder when 171 is divided by y.
3
Let t be 2*(-2 - -4)*266/(-76). Let o(i) be the third derivative of i**5/60 + i**4/2 + i**3/6 - 2*i**2. Calculate the remainder when o(t) is divided by 6.
5
Let v = 2715 - 2302. What is the remainder when v is divided by 9?
8
Let l = 1581 - 1568. Calculate the remainder when 184 is divided by l.
2
Let f(z) = z**3 - 7*z**2 - 7*z**2 + 0*z**3 + 12*z**2. What is the remainder when 43 is divided by f(3)?
7
Suppose j - 7*m + 5*m = 3276, -4*m - 4 = 0. What is the remainder when j is divided by 39?
37
Suppose -37*s + 5225 + 1435 = 0. Calculate the remainder when s is divided by 26.
24
Suppose -4*s + 142 = -3*i, 15*s + i = 16*s - 36. What is the remainder when s is divided by 12?
10
Suppose -3*u - 244 = -7*u. Let a(d) = 12*d - 152. Calculate the remainder when u is divided by a(14).
13
Let z(v) be the first derivative of -v**2/2 + 6*v + 51. Let k = -36 - -23. What is the remainder when 75 is divided by z(k)?
18
Let g(m) = 8*m - 4. Let u(f) = f**3 + f**2 - 3*f - 4. Let w be u(-2). What is the remainder when w/(-6)*(15 + 156) is divided by g(3)?
17
Suppose -2*r - 4*u - 26 = -3*r, -2*r - 3*u + 19 = 0. Let v = -99 - -152. What is the remainder when v is divided by r?
11
Let p(r) = 7*r + 8. Calculate the remainder when 191 is divided by p(1).
11
Suppose -18*x = -0*x - 342. What is the remainder when 263 is divided by x?
16
Suppose -33*i + 26*i = -1141. Calculate the remainder when i is divided by 46.
25
Let f be (5 + -6)/((-2)/(-12)). Let d = f - -21. Suppose 2*h = 5*m - 42, 0*h + 2 = -2*h. Calculate the remainder when d is divided by m.
7
Suppose 2*u + 5*j = 106, -5*j + 2*j = 4*u - 198. Let i be -1*(1 + (31 - 0)). Let b = u + i. Calculate the remainder when b is divided by 9.
7
Suppose -2*z = -6*z + 12. Let b(k) = -1 + 3 + 17 - 2*k. What is the remainder when b(5) is divided by z?
0
What is the remainder when 363 - (-4 - 5/(15/(-27))) is divided by 40?
38
Let k = 122 - 101. What is the remainder when 59 is divided by k?
17
Let o = -1083 - -1144. What is the remainder when 61 is divided by o?
0
Suppose 3*w = t - 50, 2*t - 6 + 2 = 0. Let l be 4/w*-2*128. Suppose -4*s + l = -3*z, -2*s + 5*z + 7 = -3*s. Calculate the remainder when 49 is divided by s.
10
Suppose 3*d = 52 - 7. Suppose -3*l - 2*q + 28 = -25, -3*l + 4*q = -83. Let o = -17 + l. What is the remainder when d is divided by o?
3
Let g = -32 + 20. Let p(v) = -2*v + 9. What is the remainder when p(g) is divided by 18?
15
Suppose 341*c - 342*c = -112. Calculate the remainder when 325 is divided by c.
101
What is the remainder when (-20)/80 - (2 - 964/16) is divided by 16?
10
Let h(l) = l**3 - 5*l**2 - 5*l. Let w be h(6). What is the remainder when 74 is divided by (-195)/w*24/(-30)?
22
Suppose -5*g - 4*r - 208 = 0,